{"version":"1.0","provider_name":"SZOLNOKI M\u0170V\u00c9SZTELEP","provider_url":"http:\/\/szolnokimuvesztelep.com\/en\/","author_name":"Cselle Judit","author_url":"http:\/\/szolnokimuvesztelep.com\/en\/author\/judit\/","title":"S\u00cdKBAN GAZDAG! \u2013 II. Elm\u00e9leti \u00e9s gyakorlati alkot\u00f3m\u0171hely I m\u00e1rcius 8-10. - SZOLNOKI M\u0170V\u00c9SZTELEP","type":"rich","width":600,"height":338,"html":"<blockquote class=\"wp-embedded-content\"><a href=\"http:\/\/szolnokimuvesztelep.com\/en\/2024\/02\/26\/sikban-gazdag-ii-elmeleti-es-gyakorlati-alkotomuhely\/\">S\u00cdKBAN GAZDAG! \u2013 II. Elm\u00e9leti \u00e9s gyakorlati alkot\u00f3m\u0171hely  I  m\u00e1rcius 8-10.<\/a><\/blockquote>\n<script type='text\/javascript'>\n<!--\/\/--><![CDATA[\/\/><!--\n\t\t\/*! This file is auto-generated *\/\n\t\t!function(d,l){\"use strict\";var e=!1,n=!1;if(l.querySelector)if(d.addEventListener)e=!0;if(d.wp=d.wp||{},!d.wp.receiveEmbedMessage)if(d.wp.receiveEmbedMessage=function(e){var t=e.data;if(t)if(t.secret||t.message||t.value)if(!\/[^a-zA-Z0-9]\/.test(t.secret)){for(var r,i,a,s=l.querySelectorAll('iframe[data-secret=\"'+t.secret+'\"]'),n=l.querySelectorAll('blockquote[data-secret=\"'+t.secret+'\"]'),o=new RegExp(\"^https?:$\",\"i\"),c=0;c<n.length;c++)n[c].style.display=\"none\";for(c=0;c<s.length;c++)if(r=s[c],e.source===r.contentWindow){if(r.removeAttribute(\"style\"),\"height\"===t.message){if(1e3<(a=parseInt(t.value,10)))a=1e3;else if(~~a<200)a=200;r.height=a}if(\"link\"===t.message)if(i=l.createElement(\"a\"),a=l.createElement(\"a\"),i.href=r.getAttribute(\"src\"),a.href=t.value,o.test(a.protocol))if(a.host===i.host)if(l.activeElement===r)d.top.location.href=t.value}}},e)d.addEventListener(\"message\",d.wp.receiveEmbedMessage,!1),l.addEventListener(\"DOMContentLoaded\",t,!1),d.addEventListener(\"load\",t,!1);function t(){if(!n){n=!0;for(var e,t,r=-1!==navigator.appVersion.indexOf(\"MSIE 10\"),i=!!navigator.userAgent.match(\/Trident.*rv:11\\.\/),a=l.querySelectorAll(\"iframe.wp-embedded-content\"),s=0;s<a.length;s++){if(!(e=a[s]).getAttribute(\"data-secret\"))t=Math.random().toString(36).substr(2,10),e.src+=\"#?secret=\"+t,e.setAttribute(\"data-secret\",t);if(r||i)(t=e.cloneNode(!0)).removeAttribute(\"security\"),e.parentNode.replaceChild(t,e)}}}}(window,document);\n\/\/--><!]]>\n<\/script><iframe sandbox=\"allow-scripts\" security=\"restricted\" src=\"http:\/\/szolnokimuvesztelep.com\/en\/2024\/02\/26\/sikban-gazdag-ii-elmeleti-es-gyakorlati-alkotomuhely\/embed\/\" width=\"600\" height=\"338\" title=\"&#8220;S\u00cdKBAN GAZDAG! \u2013 II. Elm\u00e9leti \u00e9s gyakorlati alkot\u00f3m\u0171hely  I  m\u00e1rcius 8-10.&#8221; &#8212; SZOLNOKI M\u0170V\u00c9SZTELEP\" frameborder=\"0\" marginwidth=\"0\" marginheight=\"0\" scrolling=\"no\" class=\"wp-embedded-content\"><\/iframe>","thumbnail_url":"https:\/\/i1.wp.com\/szolnokimuvesztelep.com\/wp-content\/uploads\/2024\/02\/szmt_honlap_slider_2024_Sikban_gazdag_02.jpg?fit=1659%2C613","thumbnail_width":1659,"thumbnail_height":613,"description":"S\u00cdKBAN GAZDAG! II. Elm\u00e9leti \u00e9s gyakorlati alkot\u00f3m\u0171hely a Szolnoki M\u0171v\u00e9sztelepen a K\u00e9pgrafikusok Olgyai Viktor Egyes\u00fclete szervez\u00e9s\u00e9ben Szolnoki M\u0171v\u00e9sztelep, 2024. m\u00e1rcius 8-10. M\u00e1rcius 8. p\u00e9ntek 13.00 Kapt\u00e1rbont\u00e1s \u00dcnnep\u00e9lyes megnyit\u00f3, k\u00f6nyvbemutat\u00f3 \u00e9s ki\u00e1ll\u00edt\u00e1s Berecz Andr\u00e1s\u00a0Kossuth-d\u00edjas \u00e9nekes, mesemond\u00f3, az MMA rendes tagj\u00e1nak k\u00f6nyvbemutat\u00f3ja, valamint Prof. dr. habil\u00a0Szepessy B\u00e9la\u00a0DLA grafikusm\u0171v\u00e9sz, a Ny\u00edregyh\u00e1zi Egyetem Vizu\u00e1lis&hellip;"}

SZOLNOKI MŰVÉSZTELEP

SÍKBAN GAZDAG! – II. Elméleti és gyakorlati alkotóműhely I március 8-10. - SZOLNOKI MŰVÉSZTELEP

<blockquote class="wp-embedded-content"><a href="http://szolnokimuvesztelep.com/en/2024/02/26/sikban-gazdag-ii-elmeleti-es-gyakorlati-alkotomuhely/">SÍKBAN GAZDAG! – II. Elméleti és gyakorlati alkotóműhely  I  március 8-10.</a></blockquote>
<script type='text/javascript'>
<!--//--><![CDATA[//><!--
		/*! This file is auto-generated */
		!function(d,l){"use strict";var e=!1,n=!1;if(l.querySelector)if(d.addEventListener)e=!0;if(d.wp=d.wp||{},!d.wp.receiveEmbedMessage)if(d.wp.receiveEmbedMessage=function(e){var t=e.data;if(t)if(t.secret||t.message||t.value)if(!/[^a-zA-Z0-9]/.test(t.secret)){for(var r,i,a,s=l.querySelectorAll('iframe[data-secret="'+t.secret+'"]'),n=l.querySelectorAll('blockquote[data-secret="'+t.secret+'"]'),o=new RegExp("^https?:$","i"),c=0;c<n.length;c++)n[c].style.display="none";for(c=0;c<s.length;c++)if(r=s[c],e.source===r.contentWindow){if(r.removeAttribute("style"),"height"===t.message){if(1e3<(a=parseInt(t.value,10)))a=1e3;else if(~~a<200)a=200;r.height=a}if("link"===t.message)if(i=l.createElement("a"),a=l.createElement("a"),i.href=r.getAttribute("src"),a.href=t.value,o.test(a.protocol))if(a.host===i.host)if(l.activeElement===r)d.top.location.href=t.value}}},e)d.addEventListener("message",d.wp.receiveEmbedMessage,!1),l.addEventListener("DOMContentLoaded",t,!1),d.addEventListener("load",t,!1);function t(){if(!n){n=!0;for(var e,t,r=-1!==navigator.appVersion.indexOf("MSIE 10"),i=!!navigator.userAgent.match(/Trident.*rv:11\./),a=l.querySelectorAll("iframe.wp-embedded-content"),s=0;s<a.length;s++){if(!(e=a[s]).getAttribute("data-secret"))t=Math.random().toString(36).substr(2,10),e.src+="#?secret="+t,e.setAttribute("data-secret",t);if(r||i)(t=e.cloneNode(!0)).removeAttribute("security"),e.parentNode.replaceChild(t,e)}}}}(window,document);
//--><!]]>
</script><iframe sandbox="allow-scripts" security="restricted" src="http://szolnokimuvesztelep.com/en/2024/02/26/sikban-gazdag-ii-elmeleti-es-gyakorlati-alkotomuhely/embed/" width="600" height="338" title="&#8220;SÍKBAN GAZDAG! – II. Elméleti és gyakorlati alkotóműhely  I  március 8-10.&#8221; &#8212; SZOLNOKI MŰVÉSZTELEP" frameborder="0" marginwidth="0" marginheight="0" scrolling="no" class="wp-embedded-content"></iframe>

SÍKBAN GAZDAG! II. Elméleti és gyakorlati alkotóműhely a Szolnoki Művésztelepen a Képgrafikusok Olgyai Viktor Egyesülete szervezésében Szolnoki Művésztelep, 2024. március 8-10. Március 8. péntek 13.00 Kaptárbontás Ünnepélyes megnyitó, könyvbemutató és kiállítás Berecz András Kossuth-díjas énekes, mesemondó, az MMA rendes tagjának könyvbemutatója, valamint Prof. dr. habil Szepessy Béla DLA grafikusművész, a Nyíregyházi Egyetem Vizuális&hellip;
